s the millions digit of 1282413697?
2
What is the ten millions digit of 1699021506?
9
What is the units digit of 405464116?
6
What is the billions digit of 5681265542?
5
What is the ten thousands digit of 115074579?
7
What is the hundreds digit of 11551242?
2
What is the millions digit of 6443400547?
3
What is the ten millions digit of 1270686166?
7
What is the ten millions digit of 4782586033?
8
What is the hundred millions digit of 373524767?
3
What is the millions digit of 343772079?
3
What is the hundred thousands digit of 4381759602?
7
What is the millions digit of 799503928?
9
What is the ten thousands digit of 4305965496?
6
What is the hundreds digit of 60579991?
9
What is the units digit of 974575363?
3
What is the ten millions digit of 3452936804?
5
What is the hundreds digit of 101818871?
8
What is the ten millions digit of 74769028?
7
What is the hundreds digit of 63106299?
2
What is the hundreds digit of 10163064?
0
What is the billions digit of 4142118833?
4
What is the units digit of 51976320?
0
What is the hundreds digit of 901719765?
7
What is the thousands digit of 1029802836?
2
What is the ten millions digit of 264119252?
6
What is the hundreds digit of 280136582?
5
What is the thousands digit of 24085745?
5
What is the tens digit of 328575046?
4
What is the millions digit of 580208471?
0
What is the millions digit of 1022192686?
2
What is the units digit of 1059146263?
3
What is the thousands digit of 95953568?
3
What is the thousands digit of 308095891?
5
What is the tens digit of 5576529067?
6
What is the units digit of 34845569?
9
What is the ten thousands digit of 64008836?
0
What is the hundreds digit of 1489577532?
5
What is the ten millions digit of 969777128?
6
What is the millions digit of 10721738?
0
What is the ten thousands digit of 68700635?
0
What is the ten millions digit of 46851764?
4
What is the thousands digit of 420372936?
2
What is the tens digit of 2972222219?
1
What is the hundreds digit of 105486150?
1
What is the ten millions digit of 615798936?
1
What is the hundreds digit of 179413046?
0
What is the thousands digit of 3370886798?
6
What is the ten thousands digit of 140886278?
8
What is the hundred millions digit of 151343668?
1
What is the units digit of 61023800?
0
What is the thousands digit of 115471745?
1
What is the millions digit of 536120239?
6
What is the units digit of 482320255?
5
What is the hundreds digit of 555805580?
5
What is the ten millions digit of 253208751?
5
What is the thousands digit of 1409494635?
4
What is the ten thousands digit of 172743141?
4
What is the thousands digit of 49101113?
1
What is the thousands digit of 21153286?
3
What is the tens digit of 159323047?
4
What is the hundred millions digit of 2433261708?
4
What is the ten thousands digit of 65128977?
2
What is the billions digit of 1392170646?
1
What is the tens digit of 21458210?
1
What is the ten thousands digit of 962620273?
2
What is the units digit of 45554792?
2
What is the hundred millions digit of 374992286?
3
What is the ten thousands digit of 36437372?
3
What is the tens digit of 656850341?
4
What is the tens digit of 244634689?
8
What is the thousands digit of 43469309?
9
What is the thousands digit of 32880877?
0
What is the units digit of 72039332?
2
What is the hundreds digit of 5177243071?
0
What is the hundreds digit of 126600732?
7
What is the millions digit of 208640499?
8
What is the millions digit of 617780975?
7
What is the hundred thousands digit of 84933651?
9
What is the millions digit of 1312341512?
2
What is the billions digit of 7593882500?
7
What is the thousands digit of 511438704?
8
What is the thousands digit of 5283739?
3
What is the hundreds digit of 104325876?
8
What is the ten millions digit of 313922365?
1
What is the hundreds digit of 196399270?
2
What is the ten millions digit of 19552855?
1
What is the ten thousands digit of 907482985?
8
What is the thousands digit of 2888167453?
7
What is the hundred millions digit of 278864317?
2
What is the millions digit of 2635681293?
5
What is the ten millions digit of 357766954?
5
What is the ten thousands digit of 1229161726?
6
What is the billions digit of 5341824204?
5
What is the units digit of 1934172581?
1
What is the hundred thousands digit of 2466279838?
2
What is the millions digit of 134665218?
4
What is the units digit of 142828286?
6
What is the ten millions digit of 1462774697?
6
What is the hundred thousands digit of 2439273308?
2
What is the thousands digit of 17989814?
9
What is the hundred thousands digit of 69746797?
7
What is the units digit of 18043594?
4
What is the tens digit of 97239678?
7
What is the thousands digit of 2658664347?
4
What is the hundred thousands digit of 182557681?
5
What is the hundred thousands digit of 23156890?
1
What is the hundreds digit of 305719141?
1
What is the millions digit of 372833195?
2
What is the tens digit of 303059134?
3
What is the millions digit of 229105308?
9
What is the hundreds digit of 674165362?
3
What is the ten millions digit of 173168031?
7
What is the ten millions digit of 1115225231?
1
What is the hundreds digit of 1045253786?
7
What is the billions digit of 5626645257?
5
What is the units digit of 2752235620?
0
What is the ten thousands digit of 395554?
9
What is the hundreds digit of 13371416?
4
What is the units digit of 83667083?
3
What is the hundreds digit of 495277940?
9
What is the units digit of 4546727476?
6
What is the hundred millions digit of 1229005452?
2
What is the hundred thousands digit of 143507169?
5
What is the tens digit of 318189995?
9
What is the tens digit of 19604521?
2
What is the hundred thousands digit of 4183783205?
7
What is the ten millions digit of 40263992?
4
What is the hundreds digit of 122896635?
6
What is the hundred thousands digit of 63611728?
6
What is the ten thousands digit of 84570726?
7
What is the thousands digit of 1601597409?
7
What is the ten millions digit of 1151971371?
5
What is the units digit of 181445038?
8
What is the hundreds digit of 251379424?
4
What is the hundreds digit of 7712454?
4
What is the millions digit of 131649554?
1
What is the hundred thousands digit of 894364663?
3
What is the ten thousands digit of 424072465?
7
What is the hundreds digit of 23828493?
4
What is the ten thousands digit of 558628355?
2
What is the hundred millions digit of 2288774980?
2
What is the tens digit of 69385461?
6
What is the hundreds digit of 1464474619?
6
What is the hundreds digit of 4115996813?
8
What is the ten thousands digit of 69538372?
3
What is the ten millions digit of 112377527?
1
What is the thousands digit of 11297371?
7
What is the thousands digit of 656188151?
8
What is the millions digit of 406802406?
6
What is the thousands digit of 147007359?
7
What is the tens digit of 718816561?
6
What is the millions digit of 53711776?
3
What is the tens digit of 66997403?
0
What is the hundred thousands digit of 4316979175?
9
What is the ten thousands digit of 14655719?
5
What is the units digit of 1831799320?
0
What is the hundred thousands digit of 51137012?
1
What is the thousands digit of 2024025549?
5
What is the ten thousands digit of 4644794825?
9
What is the ten thousands digit of 17977380?
7
What is the hundred millions digit of 1775060343?
7
What is the millions digit of 368248873?
8
What is the hundreds digit of 110921994?
9
What is the hundred millions digit of 933868360?
9
What is the millions digit of 106781092?
6
What is the hundreds digit of 300356002?
0
What is the millions digit of 1226253660?
6
What is the ten thousands digit of 271436305?
3
What is the hundred thousands digit of 644459001?
4
What is the hundreds digit of 3311245363?
3
What is the ten millions digit of 141751364?
4
What is the ten thousands digit of 152567965?
6
What is the hundreds digit of 24186862?
8
What is the hundreds digit of 73011479?
4
What is the ten millions digit of 530079050?
3
What is the ten millions digit of 347516903?
4
What is the millions digit of 5814428?
5
What is the thousands digit of 2591526?
1
What is the thousands digit of 427775247?
5
What is the billions digit of 7902059570?
7
What is the hundred thousands digit of 24324532?
3
What is the hundred thousands digit of 47590487?
5
What is the m